digit of g?
4
Let h(l) = -4 + 7 - 8 - 1 + 4*l. Let o be h(7). Let k = -20 + o. What is the units digit of k?
2
Suppose 126*d - 140*d + 12292 = 0. What is the tens digit of d?
7
Let q(x) = -7*x**3 - 2*x**2 - 4*x + 6. What is the hundreds digit of q(-4)?
4
Suppose -3 = -3*d + 6. Suppose 12 - 84 = -d*c. What is the units digit of c?
4
Let d be (-4)/(-14) + -12*(-24)/(-126). What is the tens digit of ((-1098)/4)/(-3) - d/4?
9
Suppose 0 = -c + 3*d + 186 + 634, 0 = -c + 4*d + 820. What is the tens digit of c?
2
Suppose 8 = 2*s - 8. Let a(o) = -s + o - 1 + 3 - 2*o. What is the units digit of a(-12)?
6
Let w = 1 - -3. Suppose -3*n = 2*l - 447, -n + w*l - l + 160 = 0. What is the hundreds digit of n?
1
Suppose -4*u + 12*u = 760. Let o = 108 - u. What is the tens digit of o?
1
Let m(n) = -n**2 + n + 2. Suppose -8*d + 10 = -3*d. Let l be m(d). Suppose 0 = -5*s - 2*v - l*v + 24, 5*s = -v + 22. What is the units digit of s?
4
Let d(f) = 4*f**3 + 2*f**2 + 6*f + 8. Let t be d(-4). What is the units digit of t/90*(-93 + 0)?
8
Let f be 7/35 + (-2)/10. Suppose f = -l - 5, 2*l - 262 = -2*x - 2*l. What is the tens digit of x?
4
What is the hundreds digit of ((-869)/(-22))/(2/72)?
4
What is the units digit of (-4)/(-3) - (12623/(-39) + -11)?
6
Let j(g) = 19*g**3 - 2*g**2 + 2*g - 1. Let p be j(1). Let f(m) = -2*m**2 - 8*m + 4. Let u be f(-4). Suppose -u*l + l = -p. What is the units digit of l?
6
Let n be (-18)/(-15)*(-105)/(-6). Let k be 56/(-6)*n/(-2). Suppose -3*g + k = -0*g - z, -5*z + 130 = 5*g. What is the tens digit of g?
3
Let d(u) = 64*u**3 + 4*u + 5. Let g(p) = 191*p**3 + 11*p + 14. Let z(b) = -11*d(b) + 4*g(b). What is the units digit of z(1)?
1
Let k(g) = -g**3 + 9*g**2 - 5*g - 2. Let q be k(9). Let l = q - -104. What is the tens digit of l?
5
Suppose 2*z - 3*q = -108, -3*z = -8*z + 4*q - 284. Let d = 130 + z. Suppose 2*a - d = -3*a. What is the tens digit of a?
1
Let g = 1190 + -782. What is the units digit of g?
8
Let j = -14 - -17. Suppose -2*h - 86 = -j*v, 5*h = 2*v - 0*h - 39. Suppose -54 = -2*s - 3*w, -s - 3*w = w - v. What is the units digit of s?
4
Let q(h) = -h**2 - h + 21. Let o be q(0). Let c be o/(-2)*(-12)/9. Let k = c - -10. What is the tens digit of k?
2
Let k be 63/3 - (-1 + 2). Let i = -16 + k. Suppose 3*c - 2*y = 192, -3*c + 5*c - 144 = -i*y. What is the tens digit of c?
6
Let n(c) = -144*c - 514. What is the hundreds digit of n(-17)?
9
Let i be 93/14*-12*(-224)/48. Suppose 2*n - i - 68 = 0. What is the units digit of n?
0
Let h be (-151)/(-17) - (-6)/51. Let o(t) = -6*t + 72. What is the tens digit of o(h)?
1
Let o = 90 + -6. Suppose 4*j = 2*v + 280, 0*v - o = -j + 4*v. Suppose -2*s - x = 2*s - j, 0 = s + 3*x - 28. What is the units digit of s?
6
Suppose 0 = -h - 4*h - 955. Let m = -129 - h. What is the tens digit of m?
6
Let u be 7/((-196)/(-20)) + (-6)/(-21). What is the tens digit of (u*-22)/(3 + 142/(-46))?
5
Let n be (-6 - 12)/(0 - 1/(-7)). What is the units digit of -1 - 0 - (n - -3)?
2
Let s = 1468 + -1510. Let n = 41 + -29. Let v = n - s. What is the units digit of v?
4
Let u(a) = -23*a + 3. Let l(q) = -3*q - 2 + 4 + 1 + 1. Let p be l(2). What is the units digit of u(p)?
9
Let m be (-6024)/(-22) + 14/385*5. Suppose 2*k + m = 4*v - 2*v, 3*v - 4*k - 408 = 0. What is the hundreds digit of v?
1
Suppose 2*g + a = 3, 2*g = -3*a + 4*a + 5. Suppose 38 = g*d - 3*d. Let b = -23 - d. What is the tens digit of b?
1
Let r(d) = -d**3 + 13*d**2 + 8*d - 5. What is the hundreds digit of r(11)?
3
Suppose -l - 16 = -4*c, -l - 1 = -c - 0*l. What is the tens digit of (-3780)/(-100) - 4/c?
3
Suppose -53*q + 7754 + 74608 = 0. What is the thousands digit of q?
1
Let x(n) = n**2 - 13*n - 165. What is the hundreds digit of x(-18)?
3
Suppose 183 = 4*d + 4*a - 29, 5*d = 4*a + 310. What is the units digit of d?
8
Suppose 0 = 5*y - 615 + 5. Let n = -85 + y. What is the units digit of n?
7
Suppose -4*h = 5*y - 8665, 3*h = y - 696 + 7209. What is the tens digit of h?
7
Suppose 2*z + 4*k = -224, -z - 2*z - 303 = -5*k. Let d = -75 - z. What is the units digit of d?
1
Suppose 0 = -n - 2*f + 124, -4*n - 3*f = -496 + 25. Suppose -3*i + 27 = -n. What is the tens digit of i?
4
What is the units digit of (-19 - -714) + (-10)/(-2)?
0
Suppose -2342 = -5*d - 3*l, 2*d - 3*l + 26 = 967. What is the hundreds digit of d?
4
What is the units digit of 1749/27 + (-32)/(-144)?
5
Let i = 10 - 11. Let y be 139/6 + i/6. Let p = y + -15. What is the units digit of p?
8
Let n = 215 + 966. What is the units digit of n?
1
Let m(j) = j**2 - 4*j - 127. What is the units digit of m(20)?
3
Suppose 3*z + 4*p = 3522, 0 = 4*z - 3*p + 1122 - 5818. What is the hundreds digit of z?
1
Let x = 15 - 13. Suppose -7*y + 85 = -x*y + 2*h, y - 20 = -h. Suppose -2*c + y - 177 = -4*n, 5*c = -15. What is the tens digit of n?
3
Let l be (1/(-4)*0)/3. Suppose -2*y + 0*y - q + 9 = l, q = -3*y + 11. Suppose 8 = y*i - 14. What is the tens digit of i?
1
Let c(k) = -342*k - 425. What is the hundreds digit of c(-3)?
6
Let w(z) = 10*z + 4. Let i be w(-3). What is the units digit of 4/i + (-1422)/(-117)?
2
Suppose -3564 = -24*k + 3492. What is the units digit of k?
4
Let m = -1672 - -3215. What is the tens digit of m?
4
Suppose 1552 = 4*n - 0*n. Suppose -2 = -y, 2*j - n + 122 = 4*y. What is the tens digit of j?
3
Suppose 124 = 5*r - 1341. What is the tens digit of r?
9
Let u(k) be the first derivative of -5/2*k**2 - 2 + 3*k. What is the tens digit of u(-3)?
1
Let k be 4 + (-2)/((-4)/26). Let o = 55 - k. What is the tens digit of o?
3
Let d = -36 + 411. What is the units digit of d?
5
Let m(k) = -k**2 + 8*k + 1. Let x = 6 + -5. Suppose -i = -x - 6. What is the units digit of m(i)?
8
Suppose -7*l - 3*b = -2*l - 480, 5*l + 2*b - 480 = 0. Suppose -v + 5*v + 268 = 5*f, -4*v + l = 2*f. What is the units digit of f?
2
Let k(c) = -655*c**3 + 2*c**2 + 2*c. Let v be k(-1). Suppose q - 525 = -3*u + 4*q, 5*q - v = -4*u. What is the tens digit of u?
7
Let k be 6/(-14) - 3/(-7). Suppose 4*o - 5*o - u - 2 = k, -4*u = -3*o + 15. What is the units digit of (o - 15)/(4 - 6)?
7
Let c = 570 - 240. What is the units digit of c?
0
Let m(f) = f**3 - 14*f**2 + 14*f - 7. Let t be m(13). Suppose -t*v + 0*v + 462 = 0. What is the units digit of v?
7
Let k = 96 + 4. Suppose 5*b - k = -4*p, -161 = -5*p + 2*b - 3. What is the tens digit of p?
3
Let w(z) = -z**2 - 13*z - 1. Let b be w(-9). Let r be 9/21 - (-160)/b. Suppose -36 = 3*l - 4*l - 3*n, -5*l = r*n - 130. What is the tens digit of l?
2
What is the tens digit of 791 - (-2 - (7 - (4 - -1)))?
9
Suppose -6476 = -3*k - 5*n + 9670, -26910 = -5*k - 2*n. What is the units digit of k?
2
Let t(p) = 0*p - 10 + 2*p + 2*p - 8. What is the units digit of t(8)?
4
Suppose 3*c - 171 = -0*c. Suppose 4*f + 2*v - c = f, 5*f - 120 = 5*v. What is the units digit of f?
1
Let i be (154/55)/((-1)/10). Let t = -47 - i. Let c = t + 22. What is the units digit of c?
3
Suppose -13080 = -24*f + 35040. What is the tens digit of f?
0
Let f(n) = 5*n**2 + 2*n + 9. Let s(c) = -4*c**2 - c - 8. Let p(l) = 6*f(l) + 7*s(l). Let q be p(-4). Suppose 9*x - q*x = -13. What is the tens digit of x?
1
Suppose -17*t - 4*t = -14133. What is the hundreds digit of t?
6
Let y(k) = -k**3 - 20*k**2 + 5*k - 3. Let x be y(-20). What is the units digit of (1*-2)/2*(x + 26)?
7
Let o = -330 + 1344. Let s be o/21 - 4/14. What is the tens digit of (-133)/(-4) + 36/s?
3
Suppose 0 = -2*h - h + 12. Suppose -2*j + 0*j + 134 = 5*d, 224 = h*j - d. Suppose 2*f - j = 71. What is the units digit of f?
4
Let x = 19 - 3. Suppose 3*a - x = 4*y, 8 = 5*a + 3*y - 9. Suppose -s = a*l - 25, -5*s - 5*l + 107 = -3*l. What is the units digit of s?
1
Let w(u) = -u**2 + 15. Let f be w(0). Let l(j) = -j**3 - 8*j**2 - 6*j + 22. Let h be l(-7). Suppose a - h = f. What is the tens digit of a?
3
Let t(k) = -k + 9. Let p(u) = 9. Let j(y) = 5*p(y) - 6*t(y). Let h be j(7). Let d = 47 - h. What is the units digit of d?
4
What is the tens digit of 17/(-34) - (1 + 1641/(-6))?
7
Let i(v) = 7 - v**3 + 7 - 4 + 6*v**2 + 2 - v. Let h(d) = -d**3 - 3*d**2 + 5*d + 9. Let w be h(-4). What is the units digit of i(w)?
2
Let v(x) = -x**3 + 4*x**2 + 5*x + 7. Let p be v(5). Suppose -p*n - 3 = -17. What is the units digit of n - -12 - (1 + 0)?
3
Let w = -112 - -290. What is the tens digi